{"id":23,"date":"2024-05-08T12:24:51","date_gmt":"2024-05-08T10:24:51","guid":{"rendered":"https:\/\/www.proforum.sk\/?page_id=23"},"modified":"2024-05-12T17:13:54","modified_gmt":"2024-05-12T15:13:54","slug":"publikacie","status":"publish","type":"page","link":"https:\/\/www.proforum.sk\/?page_id=23","title":{"rendered":"Publik\u00e1cie"},"content":{"rendered":"\n<p class=\"has-medium-font-size\"><strong>N\u00e1vrhy opatren\u00ed pre soci\u00e1lnodemokratick\u00fd vl\u00e1dny program na obdobie rokov 2023 &#8211; 2027 <\/strong><\/p>\n\n\n\n<p>Editorka: Brigita Schm\u00f6gnerov\u00e1. &#8211; Bratislava : Friedrich Ebert Stiftung, zast\u00fapenie v Slovenkej republike, [2023]. &#8211; 77 Str\u00e1n, Electronic ed.: Bratislava : FES, 2023<br>ISBN 978-80-8264-010-9<\/p>\n\n\n\n<p>D\u00f4vodom zaost\u00e1vania Slovenska je zotrv\u00e1vanie na starom rastovom modeli z 90. rokov zalo\u017eenom na v\u00fdlu\u010dnej z\u00e1vislosti od zahrani\u010dn\u00fdch invest\u00edci\u00ed, na n\u00edzkom stupni inova\u010dn\u00e9ho rozvoja (mont\u00e1\u017ena diel\u0148a), na n\u00edzkych mzd\u00e1ch a da\u0148ovom a soci\u00e1lnom dumpingu a m\u00e1lo diverzifikovanej \u0161trukt\u00fare v\u00fdroby. Prechod na nov\u00fd rastov\u00fd model by mal zah\u0155\u0148a\u0165 trojit\u00fa transform\u00e1ciu: soci\u00e1lnu, zelen\u00fa, ktorej s\u00fa\u010das\u0165ou bude aj energetick\u00e1 transform\u00e1cia a adapt\u00e1cia na klimatick\u00e9 zmeny a digit\u00e1lnu vr\u00e1tane prechodu na inovat\u00edvny priemysel.&nbsp;Dvadsa\u0165tri \u010dlenn\u00fd autorsk\u00fd kolekt\u00edv vypracoval stru\u010dn\u00fd bal\u00edk konkr\u00e9tnych n\u00e1vrhov, \u010do by mala robi\u0165 bud\u00faca soci\u00e1lnodemokratick\u00e1 vl\u00e1da. Celkovo 307 n\u00e1vrhov pokr\u00fdva oblasti verejn\u00fdch financi\u00ed a ich konsolid\u00e1cie, nov\u00e9ho da\u0148ovo-odvodov\u00e9ho mixu, soci\u00e1lnej a rodinnej politiky, integr\u00e1cie r\u00f3mskej popul\u00e1cie, zdravotn\u00edctva, vzdel\u00e1vania, region\u00e1lneho a lok\u00e1lneho rozvoja a decentraliz\u00e1cie verejnej spr\u00e1vy, konkurencieschopnosti podnikate\u013esk\u00e9ho sektora a digit\u00e1lnej transform\u00e1cie, zlep\u0161enia vyu\u017eitia fondov E\u00da, boja s klimatick\u00fdmi zmenami, ekonomick\u00e9ho riadenia euroz\u00f3ny, kult\u00farnej politiky a\u017e po ot\u00e1zky pr\u00e1vneho \u0161t\u00e1tu, \u013eudsk\u00fdch pr\u00e1v, boja proti korupcii.<\/p>\n\n\n\n<div data-wp-interactive=\"core\/file\" class=\"wp-block-file\"><object data-wp-bind--hidden=\"!state.hasPdfPreview\" hidden class=\"wp-block-file__embed\" data=\"https:\/\/www.proforum.sk\/wp-content\/uploads\/2024\/05\/Spravodlive_inovativne_a_trvalo_udrzatelne_Slovensko.pdf\" type=\"application\/pdf\" style=\"width:100%;height:600px\" aria-label=\"Vlo\u017ei\u0165 Spravodlive_inovativne_a_trvalo_udrzatelne_Slovensko.\"><\/object><a id=\"wp-block-file--media-ddb0287c-bc2c-428d-b144-d767126b7ea2\" href=\"https:\/\/www.proforum.sk\/wp-content\/uploads\/2024\/05\/Spravodlive_inovativne_a_trvalo_udrzatelne_Slovensko.pdf\">Spravodlive_inovativne_a_trvalo_udrzatelne_Slovensko<\/a><a href=\"https:\/\/www.proforum.sk\/wp-content\/uploads\/2024\/05\/Spravodlive_inovativne_a_trvalo_udrzatelne_Slovensko.pdf\" class=\"wp-block-file__button wp-element-button\" download aria-describedby=\"wp-block-file--media-ddb0287c-bc2c-428d-b144-d767126b7ea2\">Stiahnu\u0165<\/a><\/div>\n","protected":false},"excerpt":{"rendered":"<p>N\u00e1vrhy opatren\u00ed pre soci\u00e1lnodemokratick\u00fd vl\u00e1dny program na obdobie rokov 2023 &#8211; 2027 Editorka: Brigita Schm\u00f6gnerov\u00e1. &#8211; Bratislava : Friedrich Ebert Stiftung, zast\u00fapenie v Slovenkej republike, [2023]. &#8211; 77 Str\u00e1n, Electronic ed.: Bratislava : FES, 2023ISBN 978-80-8264-010-9 D\u00f4vodom zaost\u00e1vania Slovenska je zotrv\u00e1vanie na starom rastovom modeli z 90. rokov zalo\u017eenom na v\u00fdlu\u010dnej z\u00e1vislosti od zahrani\u010dn\u00fdch invest\u00edci\u00ed, [&hellip;]<\/p>\n","protected":false},"author":1,"featured_media":0,"parent":0,"menu_order":0,"comment_status":"closed","ping_status":"closed","template":"","meta":{"_monsterinsights_skip_tracking":false,"_monsterinsights_sitenote_active":false,"_monsterinsights_sitenote_note":"","_monsterinsights_sitenote_category":0,"footnotes":""},"class_list":["post-23","page","type-page","status-publish","hentry"],"yoast_head":"<!-- This site is optimized with the Yoast SEO plugin v22.6 - https:\/\/yoast.com\/wordpress\/plugins\/seo\/ -->\n<title>Publik\u00e1cie - Proforum<\/title>\n<meta name=\"robots\" content=\"index, follow, max-snippet:-1, max-image-preview:large, max-video-preview:-1\" \/>\n<link rel=\"canonical\" href=\"https:\/\/www.proforum.sk\/?page_id=23\" \/>\n<meta property=\"og:locale\" content=\"sk_SK\" \/>\n<meta property=\"og:type\" content=\"article\" \/>\n<meta property=\"og:title\" content=\"Publik\u00e1cie - Proforum\" \/>\n<meta property=\"og:description\" content=\"N\u00e1vrhy opatren\u00ed pre soci\u00e1lnodemokratick\u00fd vl\u00e1dny program na obdobie rokov 2023 &#8211; 2027 Editorka: Brigita Schm\u00f6gnerov\u00e1. &#8211; Bratislava : Friedrich Ebert Stiftung, zast\u00fapenie v Slovenkej republike, [2023]. &#8211; 77 Str\u00e1n, Electronic ed.: Bratislava : FES, 2023ISBN 978-80-8264-010-9 D\u00f4vodom zaost\u00e1vania Slovenska je zotrv\u00e1vanie na starom rastovom modeli z 90. rokov zalo\u017eenom na v\u00fdlu\u010dnej z\u00e1vislosti od zahrani\u010dn\u00fdch invest\u00edci\u00ed, [&hellip;]\" \/>\n<meta property=\"og:url\" content=\"https:\/\/www.proforum.sk\/?page_id=23\" \/>\n<meta property=\"og:site_name\" content=\"Proforum\" \/>\n<meta property=\"article:modified_time\" content=\"2024-05-12T15:13:54+00:00\" \/>\n<meta name=\"twitter:card\" content=\"summary_large_image\" \/>\n<meta name=\"twitter:label1\" content=\"Predpokladan\u00fd \u010das \u010d\u00edtania\" \/>\n\t<meta name=\"twitter:data1\" content=\"1 min\u00fata\" \/>\n<script type=\"application\/ld+json\" class=\"yoast-schema-graph\">{\"@context\":\"https:\/\/schema.org\",\"@graph\":[{\"@type\":\"WebPage\",\"@id\":\"https:\/\/www.proforum.sk\/?page_id=23\",\"url\":\"https:\/\/www.proforum.sk\/?page_id=23\",\"name\":\"Publik\u00e1cie - Proforum\",\"isPartOf\":{\"@id\":\"https:\/\/www.proforum.sk\/#website\"},\"datePublished\":\"2024-05-08T10:24:51+00:00\",\"dateModified\":\"2024-05-12T15:13:54+00:00\",\"breadcrumb\":{\"@id\":\"https:\/\/www.proforum.sk\/?page_id=23#breadcrumb\"},\"inLanguage\":\"sk-SK\",\"potentialAction\":[{\"@type\":\"ReadAction\",\"target\":[\"https:\/\/www.proforum.sk\/?page_id=23\"]}]},{\"@type\":\"BreadcrumbList\",\"@id\":\"https:\/\/www.proforum.sk\/?page_id=23#breadcrumb\",\"itemListElement\":[{\"@type\":\"ListItem\",\"position\":1,\"name\":\"Home\",\"item\":\"https:\/\/www.proforum.sk\/\"},{\"@type\":\"ListItem\",\"position\":2,\"name\":\"Publik\u00e1cie\"}]},{\"@type\":\"WebSite\",\"@id\":\"https:\/\/www.proforum.sk\/#website\",\"url\":\"https:\/\/www.proforum.sk\/\",\"name\":\"Proforum\",\"description\":\"\",\"publisher\":{\"@id\":\"https:\/\/www.proforum.sk\/#organization\"},\"potentialAction\":[{\"@type\":\"SearchAction\",\"target\":{\"@type\":\"EntryPoint\",\"urlTemplate\":\"https:\/\/www.proforum.sk\/?s={search_term_string}\"},\"query-input\":\"required name=search_term_string\"}],\"inLanguage\":\"sk-SK\"},{\"@type\":\"Organization\",\"@id\":\"https:\/\/www.proforum.sk\/#organization\",\"name\":\"Proforum\",\"url\":\"https:\/\/www.proforum.sk\/\",\"logo\":{\"@type\":\"ImageObject\",\"inLanguage\":\"sk-SK\",\"@id\":\"https:\/\/www.proforum.sk\/#\/schema\/logo\/image\/\",\"url\":\"https:\/\/www.proforum.sk\/wp-content\/uploads\/2024\/08\/cropped-Logo-Proforum-1.jpg\",\"contentUrl\":\"https:\/\/www.proforum.sk\/wp-content\/uploads\/2024\/08\/cropped-Logo-Proforum-1.jpg\",\"width\":103,\"height\":100,\"caption\":\"Proforum\"},\"image\":{\"@id\":\"https:\/\/www.proforum.sk\/#\/schema\/logo\/image\/\"}}]}<\/script>\n<!-- \/ Yoast SEO plugin. -->","yoast_head_json":{"title":"Publik\u00e1cie - Proforum","robots":{"index":"index","follow":"follow","max-snippet":"max-snippet:-1","max-image-preview":"max-image-preview:large","max-video-preview":"max-video-preview:-1"},"canonical":"https:\/\/www.proforum.sk\/?page_id=23","og_locale":"sk_SK","og_type":"article","og_title":"Publik\u00e1cie - Proforum","og_description":"N\u00e1vrhy opatren\u00ed pre soci\u00e1lnodemokratick\u00fd vl\u00e1dny program na obdobie rokov 2023 &#8211; 2027 Editorka: Brigita Schm\u00f6gnerov\u00e1. &#8211; Bratislava : Friedrich Ebert Stiftung, zast\u00fapenie v Slovenkej republike, [2023]. &#8211; 77 Str\u00e1n, Electronic ed.: Bratislava : FES, 2023ISBN 978-80-8264-010-9 D\u00f4vodom zaost\u00e1vania Slovenska je zotrv\u00e1vanie na starom rastovom modeli z 90. rokov zalo\u017eenom na v\u00fdlu\u010dnej z\u00e1vislosti od zahrani\u010dn\u00fdch invest\u00edci\u00ed, [&hellip;]","og_url":"https:\/\/www.proforum.sk\/?page_id=23","og_site_name":"Proforum","article_modified_time":"2024-05-12T15:13:54+00:00","twitter_card":"summary_large_image","twitter_misc":{"Predpokladan\u00fd \u010das \u010d\u00edtania":"1 min\u00fata"},"schema":{"@context":"https:\/\/schema.org","@graph":[{"@type":"WebPage","@id":"https:\/\/www.proforum.sk\/?page_id=23","url":"https:\/\/www.proforum.sk\/?page_id=23","name":"Publik\u00e1cie - Proforum","isPartOf":{"@id":"https:\/\/www.proforum.sk\/#website"},"datePublished":"2024-05-08T10:24:51+00:00","dateModified":"2024-05-12T15:13:54+00:00","breadcrumb":{"@id":"https:\/\/www.proforum.sk\/?page_id=23#breadcrumb"},"inLanguage":"sk-SK","potentialAction":[{"@type":"ReadAction","target":["https:\/\/www.proforum.sk\/?page_id=23"]}]},{"@type":"BreadcrumbList","@id":"https:\/\/www.proforum.sk\/?page_id=23#breadcrumb","itemListElement":[{"@type":"ListItem","position":1,"name":"Home","item":"https:\/\/www.proforum.sk\/"},{"@type":"ListItem","position":2,"name":"Publik\u00e1cie"}]},{"@type":"WebSite","@id":"https:\/\/www.proforum.sk\/#website","url":"https:\/\/www.proforum.sk\/","name":"Proforum","description":"","publisher":{"@id":"https:\/\/www.proforum.sk\/#organization"},"potentialAction":[{"@type":"SearchAction","target":{"@type":"EntryPoint","urlTemplate":"https:\/\/www.proforum.sk\/?s={search_term_string}"},"query-input":"required name=search_term_string"}],"inLanguage":"sk-SK"},{"@type":"Organization","@id":"https:\/\/www.proforum.sk\/#organization","name":"Proforum","url":"https:\/\/www.proforum.sk\/","logo":{"@type":"ImageObject","inLanguage":"sk-SK","@id":"https:\/\/www.proforum.sk\/#\/schema\/logo\/image\/","url":"https:\/\/www.proforum.sk\/wp-content\/uploads\/2024\/08\/cropped-Logo-Proforum-1.jpg","contentUrl":"https:\/\/www.proforum.sk\/wp-content\/uploads\/2024\/08\/cropped-Logo-Proforum-1.jpg","width":103,"height":100,"caption":"Proforum"},"image":{"@id":"https:\/\/www.proforum.sk\/#\/schema\/logo\/image\/"}}]}},"_links":{"self":[{"href":"https:\/\/www.proforum.sk\/index.php?rest_route=\/wp\/v2\/pages\/23","targetHints":{"allow":["GET"]}}],"collection":[{"href":"https:\/\/www.proforum.sk\/index.php?rest_route=\/wp\/v2\/pages"}],"about":[{"href":"https:\/\/www.proforum.sk\/index.php?rest_route=\/wp\/v2\/types\/page"}],"author":[{"embeddable":true,"href":"https:\/\/www.proforum.sk\/index.php?rest_route=\/wp\/v2\/users\/1"}],"replies":[{"embeddable":true,"href":"https:\/\/www.proforum.sk\/index.php?rest_route=%2Fwp%2Fv2%2Fcomments&post=23"}],"version-history":[{"count":4,"href":"https:\/\/www.proforum.sk\/index.php?rest_route=\/wp\/v2\/pages\/23\/revisions"}],"predecessor-version":[{"id":155,"href":"https:\/\/www.proforum.sk\/index.php?rest_route=\/wp\/v2\/pages\/23\/revisions\/155"}],"wp:attachment":[{"href":"https:\/\/www.proforum.sk\/index.php?rest_route=%2Fwp%2Fv2%2Fmedia&parent=23"}],"curies":[{"name":"wp","href":"https:\/\/api.w.org\/{rel}","templated":true}]}}